culate the greatest common divisor of 1480 and 343880.
40
What is the highest common factor of 111400 and 128600?
200
What is the greatest common divisor of 76751628 and 132?
12
What is the greatest common factor of 37027 and 3712412?
607
Calculate the highest common factor of 1911395126 and 16972.
8486
What is the highest common factor of 72 and 35415024?
24
Calculate the greatest common divisor of 13889239 and 273.
91
What is the highest common factor of 38539638 and 722?
722
Calculate the greatest common divisor of 1049353344 and 72.
72
Calculate the greatest common divisor of 15 and 48109482.
3
What is the highest common divisor of 2128 and 12588716?
532
What is the greatest common divisor of 241490 and 52266?
62
Calculate the greatest common factor of 73854 and 34218.
18
What is the highest common divisor of 17633862 and 1710?
342
What is the greatest common factor of 15088272 and 192?
48
What is the highest common factor of 44800 and 13010200?
1400
What is the highest common divisor of 24322575 and 175?
25
What is the highest common factor of 696 and 12361192?
232
Calculate the highest common divisor of 45 and 350675955.
45
What is the highest common divisor of 36636392 and 832?
104
Calculate the greatest common factor of 424991 and 11009.
109
Calculate the highest common divisor of 158961012 and 84.
84
Calculate the highest common divisor of 11180 and 76775855.
2795
What is the greatest common factor of 6422410 and 10?
10
Calculate the greatest common factor of 1936 and 196592.
176
Calculate the highest common divisor of 209 and 16610.
11
Calculate the greatest common divisor of 12672 and 11412.
36
What is the highest common factor of 47842 and 99201646?
2518
Calculate the highest common divisor of 258815186 and 168.
14
What is the highest common factor of 14928166 and 1166?
22
Calculate the highest common factor of 48 and 3304038.
6
Calculate the greatest common divisor of 135604 and 336574.
406
Calculate the greatest common factor of 330 and 12202965.
15
Calculate the greatest common divisor of 1170603630 and 126.
126
Calculate the greatest common divisor of 2315856 and 816.
48
What is the greatest common factor of 153863 and 86093?
251
What is the greatest common factor of 55429 and 55?
11
Calculate the highest common divisor of 134152 and 116440.
328
Calculate the greatest common divisor of 6640 and 1358876.
332
What is the highest common factor of 479613 and 309?
3
What is the greatest common divisor of 70 and 9012290?
70
What is the highest common factor of 65 and 6536775?
5
What is the greatest common factor of 22395603 and 8523?
2841
Calculate the greatest common factor of 197513 and 789526.
263
What is the greatest common factor of 1221 and 18892681?
37
What is the greatest common divisor of 9983376 and 33696?
1872
Calculate the highest common divisor of 1402 and 288568052.
1402
What is the greatest common factor of 156 and 425127768?
156
Calculate the greatest common factor of 33825 and 380193.
1353
Calculate the greatest common factor of 30058 and 20632670.
4294
Calculate the highest common divisor of 136202723 and 15994.
727
What is the greatest common factor of 102 and 190723306?
34
What is the highest common divisor of 2436 and 64739556?
84
What is the greatest common divisor of 37168 and 40043?
23
What is the greatest common divisor of 357636236 and 58?
58
Calculate the greatest common divisor of 10858 and 539606.
122
Calculate the highest common factor of 353719 and 19346.
17
Calculate the highest common divisor of 2738 and 5784284.
74
Calculate the greatest common factor of 11 and 29620349.
11
Calculate the highest common divisor of 1220 and 99591955.
305
Calculate the greatest common factor of 304761990 and 10.
10
Calculate the greatest common factor of 2 and 10523234.
2
Calculate the highest common divisor of 861904 and 416.
16
What is the highest common factor of 1756725950 and 3430?
3430
What is the highest common divisor of 6170534 and 113042?
3898
Calculate the greatest common divisor of 12526348 and 153.
17
Calculate the greatest common divisor of 273 and 111216469.
91
What is the highest common divisor of 287 and 31461801?
287
Calculate the highest common divisor of 557 and 62302.
1
What is the highest common factor of 37 and 1092107281?
37
What is the greatest common factor of 297 and 345492837?
27
What is the highest common divisor of 30458 and 24444?
194
Calculate the highest common factor of 17184 and 8637108.
2148
What is the highest common factor of 163938 and 1632438?
534
What is the highest common divisor of 5192564 and 5174?
26
What is the greatest common factor of 15 and 34515465?
15
Calculate the highest common divisor of 276 and 210932.
4
What is the highest common divisor of 37936 and 91592?
8
What is the greatest common factor of 1173 and 567598278?
1173
What is the greatest common divisor of 1478892 and 27?
3
Calculate the highest common factor of 66061284 and 317796.
4476
What is the highest common divisor of 11457 and 121479844?
1273
Calculate the greatest common divisor of 4526 and 238297.
31
What is the greatest common factor of 12915966 and 406?
14
What is the greatest common factor of 648 and 1125199512?
648
Calculate the greatest common divisor of 117 and 2618737173.
117
What is the greatest common divisor of 6512 and 24778567?
407
What is the greatest common divisor of 30 and 31949310?
30
What is the highest common divisor of 36822 and 11044434?
2166
What is the highest common divisor of 10496466 and 108?
54
Calculate the greatest common factor of 24607 and 1069286.
2237
What is the greatest common factor of 569556847 and 454?
227
What is the highest common factor of 237331 and 16?
1
What is the greatest common factor of 6447657 and 5365?
1073
Calculate the highest common factor of 1400 and 166544.
56
What is the greatest common factor of 35751898 and 364?
182
What is the greatest common factor of 2340 and 37568700?
2340
What is the highest common factor of 29624 and 424304?
184
What is the highest common factor of 111930829 and 1081?
47
Calculate the highest common factor of 253611 and 155.
31
Calculate the greatest common divisor of 42 and 1501362051.
21
What is the highest common divisor of 517220130 and 210?
210
Calculate the highest common factor of 4827095 and 103.
103
What is the highest common factor of 30049 and 53303?
151
What is the greatest common factor of 56470156 and 964?
964
What is the greatest common divisor of 234 and 386194952?
26
What is the greatest common factor of 1350 and 50504850?
1350
What is the greatest common divisor of 18276705 and 5217?
111
What is the greatest common divisor of 82857 and 3763?
71
What is the highest common factor of 28866 and 19892070?
1698
Calculate the greatest common divisor of 1363876 and 63240.
2108
What is the highest common divisor of 2862 and 3282174?
54
Calculate the highest common factor of 143060 and 304980.
460
What is the greatest common divisor of 351 and 565974?
27
What is the highest common factor of 1353 and 120373458?
123
What is the highest common factor of 81 and 8635113?
27
What is the greatest common factor of 14097182 and 68?
34
What is the highest common divisor of 13649640 and 300?
60
Calculate the highest common divisor of 11736232 and 6592.
824
What is the highest common factor of 2814 and 322602?
42
What is the highest common factor of 3065685 and 14190?
645
What is the highest common divisor of 1383 and 262220949?
1383
Calculate the highest common divisor of 880829845 and 12040.
1505
What is the greatest common factor of 34008544 and 24544?
1888
Calculate the greatest common factor of 765149 and 39501.
1463
What is the greatest common factor of 1185 and 928110?
15
What is the greatest common divisor of 1628035 and 80?
5
What is the greatest common factor of 7473 and 7027158?
141
What is the highest common divisor of 19 and 1125509764?
19
Calculate the greatest common factor of 19431 and 936360.
153
Calculate the highest common divisor of 4 and 51279108.
4
What is the greatest common divisor of 504 and 48884304?
168
Calculate the greatest common factor of 6566535 and 54483.
381
Calculate the highest common factor of 3067663 and 129.
43
What is the highest common factor of 199180 and 178020?
460
What is the g